 a composite number?
False
Is 3087781 prime?
False
Is 44964937 a prime number?
False
Is 123387389 composite?
False
Is 353160037 a composite number?
False
Is 1909619 a composite number?
False
Is 80290603 a prime number?
True
Is 19218655 a prime number?
False
Is 176413 composite?
False
Is 171267851 a prime number?
False
Is 3285283 a composite number?
False
Is 27807619 composite?
True
Is 383009 a composite number?
True
Is 1245677 composite?
True
Is 97051079 composite?
True
Is 71323907 a composite number?
False
Is 8372951 prime?
True
Is 82163 a prime number?
True
Is 4398397 a prime number?
True
Is 747977 prime?
True
Is 21267611 a prime number?
False
Is 174574129 prime?
True
Is 284827811 composite?
False
Is 73498819 a composite number?
True
Is 10725241 composite?
True
Is 12065621 composite?
False
Is 4552589 prime?
True
Is 10034837 composite?
False
Is 137301149 composite?
True
Is 49942007 composite?
False
Is 1586077 composite?
False
Is 852743 a prime number?
False
Is 3901187 prime?
True
Is 9622711 composite?
True
Is 53975069 composite?
False
Is 27027757 composite?
True
Is 48094835 a composite number?
True
Is 41393483 prime?
False
Is 187575643 a prime number?
True
Is 361610749 a composite number?
True
Is 2306833 a composite number?
True
Is 3476633 composite?
True
Is 11892578 prime?
False
Is 16724117 a prime number?
True
Is 5335361 composite?
False
Is 10028009 composite?
False
Is 125546929 composite?
True
Is 2051087 a prime number?
True
Is 9309127 prime?
False
Is 2529623 prime?
False
Is 957359 a composite number?
True
Is 3963683 prime?
True
Is 8246551 a composite number?
True
Is 559707 a composite number?
True
Is 2403865 composite?
True
Is 28530739 composite?
True
Is 21376721 prime?
True
Is 6469459 prime?
False
Is 2821319 a composite number?
False
Is 1218367 a prime number?
True
Is 39726257 prime?
True
Is 8490877 prime?
True
Is 208647689 composite?
False
Is 217982 composite?
True
Is 127800943 a composite number?
True
Is 3000421 composite?
True
Is 2675710229 a prime number?
True
Is 785429 a prime number?
False
Is 529148369 a composite number?
True
Is 40066787 composite?
True
Is 19521259 a prime number?
True
Is 10378919 composite?
False
Is 778665553 composite?
True
Is 1109054 a prime number?
False
Is 49124081 prime?
True
Is 4610987 a composite number?
False
Is 41510813 a prime number?
True
Is 24097469 a composite number?
True
Is 56130661 prime?
False
Is 607619 a prime number?
True
Is 1761161 composite?
False
Is 4642259 prime?
True
Is 3661241 a prime number?
False
Is 475021 composite?
True
Is 22367221 composite?
False
Is 13654967 composite?
False
Is 34902299 a prime number?
True
Is 17857063 a composite number?
True
Is 1208477 composite?
True
Is 69582739 composite?
False
Is 861171 composite?
True
Is 41453047 prime?
False
Is 11990371 a composite number?
False
Is 1734311 composite?
False
Is 8112407 prime?
True
Is 479555509 a composite number?
False
Is 65917391 a composite number?
False
Is 5125723 composite?
False
Is 571261 a composite number?
False
Is 1057523 a prime number?
False
Is 35764987 a composite number?
False
Is 11922901 a composite number?
True
Is 3314347 a prime number?
True
Is 48439117 prime?
True
Is 422068771 a prime number?
True
Is 5864081 composite?
False
Is 725677 a composite number?
True
Is 95205001 prime?
True
Is 5051441 a prime number?
False
Is 763946503 prime?
True
Is 16041713 composite?
False
Is 3767714 composite?
True
Is 3189647 prime?
True
Is 2644307 prime?
False
Is 4959793 prime?
False
Is 105448657 prime?
True
Is 363643 a prime number?
False
Is 273063073 a composite number?
False
Is 16254971 prime?
True
Is 3549487 a composite number?
True
Is 134809 a composite number?
True
Is 3849281 a composite number?
False
Is 2973129 prime?
False
Is 8809555 prime?
False
Is 7247441 prime?
True
Is 53081177 composite?
True
Is 115984523 a composite number?
True
Is 1280449 a composite number?
True
Is 25312817 composite?
False
Is 1347565 prime?
False
Is 371087 prime?
True
Is 33927457 a composite number?
True
Is 2553193 prime?
False
Is 3810977 composite?
True
Is 66832121 prime?
True
Is 470983 a prime number?
False
Is 582052231 a composite number?
False
Is 991875407 composite?
True
Is 47949679 prime?
False
Is 48016741 prime?
True
Is 6640593 a prime number?
False
Is 130087357 a prime number?
False
Is 163744978 composite?
True
Is 3431843 prime?
False
Is 22880243 composite?
False
Is 15547019 prime?
True
Is 76204933 prime?
False
Is 2118227 a prime number?
False
Is 88257145 a prime number?
False
Is 4997981 prime?
True
Is 9325493 composite?
True
Is 3169417 a composite number?
False
Is 1813459 composite?
False
Is 81152626 prime?
False
Is 26793661 a prime number?
False
Is 1985251 a prime number?
False
Is 3982159 a prime number?
False
Is 7646479 a composite number?
False
Is 24612943 a composite number?
False
Is 9383557 a prime number?
True
Is 1163033 prime?
True
Is 472871227 a prime number?
False
Is 205536941 prime?
True
Is 2431787 prime?
True
Is 1517327 prime?
False
Is 617383 composite?
True
Is 128878723 composite?
True
Is 3441507 composite?
True
Is 9075307 composite?
False
Is 4358591 prime?
False
Is 2509363 a composite number?
False
Is 93134231 prime?
False
Is 232086467 a composite number?
True
Is 1101803 prime?
True
Is 1132009 a prime number?
True
Is 39552383 composite?
True
Is 2972639 prime?
True
Is 114674201 a composite number?
False
Is 7404563 a composite number?
False
Is 17790053 composite?
False
Is 123442391 a composite number?
True
Is 8711467 prime?
True
Is 4066539 a prime number?
False
Is 36312841 prime?
False
Is 22985783 prime?
False
Is 6278449 prime?
True
Is 1376219 prime?
False
Is 20660713 composite?
True
Is 978599 a composite number?
False
Is 21226651 a prime number?
False
Is 219265229 a composite number?
False
Is 500046877 prime?
False
Is 3665383 a composite number?
True
Is 107035483 a composite number?
True
Is 31779401 composite?
False
Is 25554355 a composite number?
True
Is 1049039 prime?
True
Is 1873979 a prime number?
True
Is 9294343 a prime number?
True
Is 161392697 a prime number?
True
Is 6026239 prime?
False
Is 6510877 composite?
True
Is 345285053 a composite number?
False
Is 35163391 prime?
True
Is 1524923 a prime number?
False
Is 1503703 prime?
False
Is 110401807 a prime number?
False
Is 48169927 prime?
False
Is 41031409 prime?
False
Is 268969 a prime number?
True
Is 211466263 a prime number?
True
Is 4056623 composite?
False
Is 32096327 a composite number?
True
Is 143477621 composite?
True
Is 57421783 composite?
False
Is 17945926 prime?
False
Is 996162155 composite?
True
Is 58139927 a prime number?
False
Is 419941 a prime number?
False
Is 51160443 a composite number?
True
Is 656113 prime?
True
Is 25834651 a prime number?
True
Is 14704631 prime?
False
Is 95556907 composite?
False
Is 6132367 a prime number?
False
Is 276649 prime?
False
Is 14190751 prime?
True
Is 163084871 a composite number?
False
Is 10401973 a composite number?
False
Is 70008767 a prime number?
True
Is 28866589 composite?
False
Is 718487038 composite?
True
Is 8297911 composite?
True
Is 20547869 prime?
True
Is 15871547 composite?
False
Is 120775107 a composite number?
True
Is 41077 a composite number?
False
Is 17566105 composite?
True
Is 151711 a composite number?
True
Is 288371 prime?
False
Is 15765709 a prime number?
False
Is 2073341 a composite number?
True
Is 386021 composite?
True
Is 58995539 a prime number?
True
Is 59485241 composite?
True
Is 224258039 composite?
False
Is 863593 a prime number?
True
Is 745936819 a composite number?
True
Is 13745731 a prime number?
True
Is 10676921 composite?
False
Is 31019299 composite?
True
Is 3270343 a prime number?
True
Is 64209349 a composite number?
False
Is 1467527 prime?
True
Is 7522321 composite?
False
Is 130395113 a prime number?
False
Is 706509523 composite?
False
Is 549841351 a prime number?
True
Is 5675893 a prime number?
True
Is 28728151 composite?
False
Is 47347777 a prime number?
False
Is 149962831 a composite number?
True
Is 369800131 composite?
False
Is 38956891 a composite number?
False
Is 91482277 a prime number?
True
Is 20105357 composite?
True
Is 3673541 prime?
False
Is 6913247 a composite number?
True
Is 90610951 prime?
True
Is 45866585 prime?
False
Is 360017013 prime?
False
Is 4674679 a prime number?
False
Is